*2 - 24*f**2 + 2*f + o*f. List the prime factors of z(-10).
2, 3
Let q(o) = o**2 - 3*o + 3. Let g be q(3). Let z be (3 - g) + 3 + 24. Let u = 38 - z. List the prime factors of u.
11
Let t(q) = -2*q**2 - 9*q + 16. Let i(s) = -s**2 - 4*s + 8. Let o(m) = -5*i(m) + 3*t(m). Let v be -7*1 - 2/(-2). List the prime factors of o(v).
2, 7
Let v be -2*3*(-5)/10. Suppose s - m = -v*s + 20, 5*m = -4*s + 44. List the prime factors of s.
2, 3
Let r be -2*(1 + 0)/(-1). Let k(x) = 2 + 0*x**r + 0 + 16*x**2 + 0. List the prime factors of k(-2).
2, 3, 11
Suppose -a - 6 = -3*a. Suppose -20 = a*w + w, z + 3*w + 10 = 0. Suppose -z*t = -3*o + 19, -10 - 23 = -4*o - t. List the prime factors of o.
2
Suppose -4*t + 2881 = -4*c - c, -5*t + 4*c = -3599. What are the prime factors of t?
719
Let h(u) = 139*u**2 - u + 10. What are the prime factors of h(2)?
2, 3, 47
Let g = -2422 + 5245. List the prime factors of g.
3, 941
Let h = 343 - -19. List the prime factors of h.
2, 181
What are the prime factors of (33070/15 - -7) + 6/(-9)?
3, 11, 67
Suppose -23*b = -83125 + 19875. List the prime factors of b.
2, 5, 11
List the prime factors of (-270)/(207/(-115) + 2/(-10)).
3, 5
Let t(h) = 2*h**2 - 7*h - 9. Let v be t(9). Suppose -c = c - v. Let o = -23 + c. What are the prime factors of o?
2, 11
Suppose -8*p - 6 = -10*p. Let s(w) = -w**2 + 2*w + 5. Let l be s(p). Suppose 336 = l*x + 4*x. List the prime factors of x.
2, 7
Let r(j) = 2*j**2 + 27*j - 9. Let g be r(-14). Suppose g*x = 6*x - 107. What are the prime factors of x?
107
Let n = 106 - 101. Suppose -2*j = j - 2*m - 832, -1395 = -5*j + n*m. What are the prime factors of j?
2, 137
Let v be 36/(-9) - (-10)/1. Suppose 3*g + 468 = v*g. List the prime factors of g.
2, 3, 13
Let i(n) = -45*n - 24. Let q be i(-6). Suppose -489 = -4*c - f, 0 = -2*c - 0*f - 2*f + q. List the prime factors of c.
2, 61
Suppose -16*c + 5519 + 11361 = 0. List the prime factors of c.
5, 211
Suppose n - 5*a = -27, -a = -4*n - 158 + 12. Let u = n + 43. What are the prime factors of u?
2, 3
Suppose -118*d - 110 = -120*d. List the prime factors of d.
5, 11
Let v(n) = 21*n + 8. Let i be v(6). Suppose -i = b - 3*b. List the prime factors of b.
67
Let h(t) = t - 4. Let n be h(-8). Let u = n + 18. Let w(x) = x**3 - 7*x**2 + 9*x - 2. What are the prime factors of w(u)?
2
Suppose -2*h + h + 118 = -3*v, 4*h - 404 = -5*v. Suppose -h = -19*q + 17*q. List the prime factors of q.
53
Let d = 3 + -5. Let o be -3 + ((-48)/d - 2). Suppose -4*r = r + 4*i - o, 0 = 2*i - 2. What are the prime factors of r?
3
Suppose w - 393 = 3*v - 39, 20 = 5*v. Suppose -3*i = -w + 75. What are the prime factors of i?
97
Let p = 39 - 23. Suppose -472 = 12*i - p*i. Suppose 5*w + 5*u - 2 = i, 3*w - 2*u - 87 = 0. What are the prime factors of w?
3
Let v = -42 - -59. Let a(b) = b**3 - 4*b**2 - 5*b - 12. Let j be a(5). Let x = j + v. List the prime factors of x.
5
Let o(n) = 2*n**2 + 6*n - 2. Let f = 9 + -8. Let x(h) = -7*h + 2. Let c be x(f). What are the prime factors of o(c)?
2, 3
Suppose q = 2*d + 9, -d - 2*d - q = 6. Let o be 10*(3/2)/d. What are the prime factors of ((-22)/(-8))/(o/(-20))?
11
Suppose 776 = 28*d - 77260. What are the prime factors of d?
3, 929
Suppose 2*b - 2934 = -4*b. Suppose -250 + 36 = -2*a + 5*m, 5*a = m + b. List the prime factors of a.
97
Suppose 3*m + m = -8. Suppose 0*p + 2*p = -12. What are the prime factors of (m/p)/((-1)/(-45))?
3, 5
Suppose 5*i = -2*i + 14. Let q(r) = 26*r**2 + 5*r + 1. List the prime factors of q(i).
5, 23
Let i(f) be the third derivative of -f**4/3 - 4*f**3/3 + 6*f**2. Let l be i(-4). List the prime factors of l/(-14)*(-56)/16.
2, 3
Suppose 0 = -n + g + 8, n = -4*g + 7 - 24. List the prime factors of 2/n + 478/3 + -2.
2, 79
Let l be (3 + -3 + 1)*23. Let c = l + 18. What are the prime factors of c - 4 - 3/(-1)?
2, 5
Let t(i) = -2*i**3 - 16*i**2 - 8*i + 32. What are the prime factors of t(-10)?
2
Suppose 5*z = -2*f + 340, -3*z + 204 = -8*f + 3*f. List the prime factors of z.
2, 17
Let h = 33 - 46. Let l = 5 + h. Let q = 31 + l. What are the prime factors of q?
23
Let z(w) = -w**2 + 5. Let p be z(-5). Let k = -13 - p. Suppose 0*g - g = -k. What are the prime factors of g?
7
Let l(p) = -p**2 + 3*p + 3. Let w be l(4). List the prime factors of -41*(w + 0) + 0.
41
Let i(f) = f**3 + 15*f**2 - 20*f. List the prime factors of i(-14).
2, 7, 17
Let i(s) = -s**2 - 11*s + 15. Let z be i(-12). Suppose w = 2 - z. List the prime factors of (2 + w - 2) + 11.
2, 5
What are the prime factors of 2/(-4)*49/((-294)/27612)?
3, 13, 59
Suppose -544*i - 6180 = -550*i. What are the prime factors of i?
2, 5, 103
Suppose -4*v - 10*c + 6*c + 4292 = 0, -5*c + 1077 = v. List the prime factors of v.
2, 67
Let p = 69 - 62. Suppose -1276 = -4*r - p*r. List the prime factors of r.
2, 29
Suppose -2*n = -3*n + 16. Suppose 2*k + 5*f = -24 + 4, -4*f = -3*k + n. Suppose -o - 4*z = -k*o + 6, 0 = -o + 3*z + 22. List the prime factors of o.
2, 5
Suppose 0*b + 4*k - 10 = 3*b, -4*b - 6 = 2*k. Let a(u) = 9*u**2 - 1. What are the prime factors of a(b)?
5, 7
Let p = -36 - -31. List the prime factors of (-129)/4*32*p/30.
2, 43
Let a(d) = -d**3 - 12*d**2 + 8*d - 14. Let k = 127 + -141. What are the prime factors of a(k)?
2, 7, 19
Suppose -2*k - 360 = -2*v + 1344, -864 = -v - 2*k. What are the prime factors of v?
2, 107
Suppose -3*l + 2*t - 108 = -t, t = -5*l - 210. Let v = l - -225. What are the prime factors of v?
2, 23
List the prime factors of 1078 - (8 - (-3 - -12)).
13, 83
Let o = -3 - -13. Suppose 0 = -4*d - h - 120, d + h - o = -40. Let q = d - -55. List the prime factors of q.
5
List the prime factors of ((-60291)/406)/((-2)/4).
3, 11
Let v = -2224 - -3015. List the prime factors of v.
7, 113
Let b = 12 + -4. Let a(i) = -i**3 + 10*i**2 + i - 11. Let t be a(b). Let m = 189 - t. List the prime factors of m.
2
Suppose 3017 = i - j, -4*j = -4*i - 3*j + 12053. What are the prime factors of i?
2, 3, 251
List the prime factors of (-106)/(-4)*(17 + 7).
2, 3, 53
Let s = 28 + -34. Let o be (2 - s)*4/16. Suppose d = -o*w - d + 58, 0 = 5*w + d - 161. List the prime factors of w.
3, 11
Let f(h) = -h. Let m be f(-6). Let n be (m/10)/((-7)/(-35)). Suppose -n*p + 84 = 5*v, 6*p - p + 100 = 5*v. What are the prime factors of v?
2, 3
Suppose 0 = 6*u + 8*u - 1736. List the prime factors of u.
2, 31
Let t be ((-1)/((-6)/(-388)))/(26/(-78)). Suppose 337 + t = 3*c. List the prime factors of c.
3, 59
Let h = -58 + 62. What are the prime factors of (-1602)/(-15) - h/5?
2, 53
Suppose -810 = -3*f - 3*s, -20*s - 1080 = -4*f - 22*s. What are the prime factors of f?
2, 3, 5
Let f = -13 - -21. Suppose 12*h - 272 = f*h. What are the prime factors of h?
2, 17
Let v(z) = z**3 - 21*z**2 + 19*z - 87. List the prime factors of v(21).
2, 3, 13
Suppose -z = -3*z + 534. What are the prime factors of z?
3, 89
What are the prime factors of 17572/11 - 1 - (-36)/66?
1597
Suppose 8*d - 3*d - 40 = 0. Suppose d*g = 6*g + 24. List the prime factors of g.
2, 3
Let o(i) = -i + 20. Let u be o(6). What are the prime factors of 104/u + (-33)/77?
7
Let i(j) be the second derivative of j**3/2 + 13*j**2 + 2*j. What are the prime factors of i(-8)?
2
Let y(i) = 21*i**2 + 16*i + 15. What are the prime factors of y(7)?
2, 17
What are the prime factors of 561966/162 - 16/(-216)?
3469
Suppose -6*n - 4052 = -9*n - 2*q, 2698 = 2*n - 2*q. What are the prime factors of n?
2, 3, 5
Let j be 0 + 4/(0 + 2). Suppose 2*g - 6 = -3*l - g, j*g + 4 = 0. Suppose -l*r + 40 = r. List the prime factors of r.
2
Let b = 24 - 20. List the prime factors of 3/b + 585/52.
2, 3
Let k(d) = 8 + 11*d - 2*d - 16. What are the prime factors of k(8)?
2
Let x(h) = -2*h**3 - 4*h**2 - 4*h - 1. Let z = -2 + -3. Let j be (-3*(3 + z))/(-2). List the prime factors of x(j).
29
Let m = 419 + -331. List the prime factors of m.
2, 11
Let i = -225 - -325. Suppose 2*g + 2*r - 46 = 0, i = 4*g - 3*r - r. What are the prime factors of (-2)/(-8) - (-66)/g?
3
What are the prime factors of 2 + (246 - 24/(-4))?
2, 127
Let c(o) = 23*o - 26. Let f be c(4). Suppose -10*m + f = -4*m. List the prime factors of m.
11
Let n(t) = -35*t. Let s be n(-2). Suppose 2*h = 7*h - s. List the prime factors of h.
2, 7
What are the prime factors of (-3)/((-39)/(-2)) + (-112680)/(-312)?
19
Let m = 25 - 21. Let d(i)